2*x - 10. Let n(g) = g**3 - g**2 - 33*g + 17. Let i be n(6). Calculate r(i).
32
Suppose 5*n = -2*z - 149 + 50, n = -2*z - 87. Let p be 7/(7/(z/(-27)) - 4). Suppose p*d - 8*d - 30 = 0. Let k(b) = -b**3 + 4*b**2 + 7*b - 2. Determine k(d).
8
Let q(z) = 2*z**2 - 20*z + 21. Let l be q(9). Let s(o) = 222*o**2 - 214*o**2 + 5 + 2*o**3 - 11*o + o - o**l. Determine s(-9).
14
Let k(h) be the third derivative of h**6/120 - 2*h**5/15 + 7*h**4/24 - 13*h**3/3 - 2266*h**2. Determine k(8).
30
Let u = 123 - 120. Suppose w - 5 = -y, 2*y = -w + u*w - 6. Let p(m) = m**2 - 5*m + 4. Determine p(w).
0
Suppose 51*o - 70*o - 209 = 0. Let d(y) = y**2 + 10*y - 14. Determine d(o).
-3
Let o(j) = -j**2 - 7*j - 1. Let a be (-27 + 28)*17/1. Suppose -a - 13 = 5*m. What is o(m)?
5
Let v = -101 + 95. Let p be 9/v*(-22)/(-33). Let z(w) = -10*w**3 - 2*w**2 + 2*w + 2. Determine z(p).
8
Let k(m) = m**3 - m**2 + 4*m + 1. Let i(z) = z**3 + 2*z**2 - 15*z + 20. Let t be i(-5). Suppose r = 4*f - t, -4*f - 8 + 28 = 4*r. Calculate k(r).
1
Let n = -16 + 19. Let t(s) = 959*s - 474*s + n - 480*s. What is t(-5)?
-22
Suppose -52 = -5*z - 32. Suppose -4*a - z = -3*x, 5*a - 3*a = -2*x + 12. Suppose -5*v + 78 = 2*u, -x*v - u + 60 = -0*v. Let f(i) = i - 13. Give f(v).
1
Let h = 3618 + -3618. Let s(g) be the third derivative of h + 14*g**2 + 1/24*g**4 + 0*g - 1/2*g**3. Determine s(6).
3
Suppose -7*a = -3*a - 324. Let w = -86 + a. Let z(h) = -h**2 - 3*h - 3. Calculate z(w).
-13
Let k(m) = 2*m**2 + 11*m - 17. Let v be 515/206*(0 - (-14)/5 - 2). What is k(v)?
13
Let a be 3/6*(-2 - 0). Let l(v) be the first derivative of -v**6/120 + v**5/120 - 14*v**3/3 + v + 52. Let w(s) be the third derivative of l(s). Give w(a).
-4
Let m(j) = j**3 + 3*j**2 - j - 2. Let p be m(-3). Suppose -n = 5*y - 19, p = -n + y + 2. Let c(t) = -128*t**2 - n - 2*t - t - t**3 + 133*t**2. What is c(4)?
0
Let g(x) = -x**3 - 5*x**2 + 10*x - 2. Suppose 41*l = 40*l + 4. Suppose 5*q = 5*a - 35, l*q - 8*a + 28 = -5*a. Give g(q).
26
Let b(c) = -c - 8. Let y(w) = w**3 - 10*w**2 - 13*w + 27. Let p(f) = -f**3 + 13*f**2 - 29*f + 1. Let j be p(10). Let z be y(j). Determine b(z).
-13
Let v(d) = 112*d + 450. Let w(u) = -386*u + 1154. Let c be w(3). Give v(c).
2
Let s(q) = q**2 + 20*q - 27. Let w be s(-21). Let r(z) be the third derivative of -z**4/12 + z**3/3 + 111*z**2. Determine r(w).
14
Let z = 948 + -936. Let c(y) be the second derivative of -y**4/12 + 7*y**3/3 - 13*y**2/2 + 34*y. Calculate c(z).
11
Let n(k) = 26*k + 155. Let z(d) = -5*d**2 - 173*d - 108. Let w be z(-34). What is n(w)?
-1
Let u = -83 + 85. Let z(h) = 2*h**3 + h**3 + u - h**3 - 10*h**2 + 8*h**2 - 2*h. Let i = -1 + -1. Calculate z(i).
-18
Let b(i) = 0*i - 6 - 1 + 2*i. Suppose -9*l - 10*l = -342. Suppose 4*q - 5*c - 39 = 0, 0 = -5*q - 0*q - 4*c + l. Give b(q).
5
Let o(y) be the first derivative of 0*y**3 + 3/4*y**4 + 51 + 0*y - y**2. What is o(-2)?
-20
Let l be 2/(-8*3/24). Let v(z) = 9*z**2 + 3*z + 2. What is v(l)?
32
Let d = 103 - 25. Let k = d - 87. Let j(c) = c + 1. Give j(k).
-8
Let p be (-9)/(36/80) - 2. Let n be 58/7 + p/77. Suppose 5*g + n = g. Let a(u) = u**3 - u**2 - 2*u. Calculate a(g).
-8
Let b be (-1 + 5)*(-16)/((-160)/(-15)). Let x(q) = 2*q**2 + 15*q + 21. Give x(b).
3
Let c(i) be the second derivative of i**4/6 + 2*i**3/3 + 2*i**2 + 1904*i. Calculate c(5).
74
Let q(i) = 7*i - 72. Suppose 35*g = 340 + 10. Give q(g).
-2
Let j(v) = v**2 - v + 5. Let r = 58 + -28. Suppose -13*o + r = 2*o. Let k be 46/23 + o*1. Determine j(k).
17
Let i(k) = k**2 - 4*k - 5. Suppose 0 = -3*g + 3*n + 21, -5*n + 3*n = -3*g + 16. Suppose g*w - 85 = -15. Let j be (-1 - -3)*w/14. Give i(j).
0
Let g(u) be the third derivative of -8*u**2 + 13/6*u**3 + 0*u - 3 - 1/24*u**4. What is g(10)?
3
Let m(q) be the first derivative of q**5/120 + q**3 - 3*q - 47. Let j(c) be the third derivative of m(c). Determine j(-8).
-8
Let k be -8 + 11 - (-22 - -1). Let t = k + -10. Let r be (-1)/2*(t + -16). Let g(f) = -2*f - 1. Calculate g(r).
-3
Let p = 184 + -182. Let z(b) = 10 - 7 - 5*b**p + 9*b**2 - 3*b. Let m(s) = -s**3 + 8*s**2 - 6*s - 5. Let j be m(7). Give z(j).
13
Let j(x) be the second derivative of -x**5/20 + x**4/3 + x**3/3 - 3*x**2/2 + 2*x. Let v = -18599 + 18602. Determine j(v).
12
Suppose 4*m + 235 = 5*w + 60, -3*m = 4*w - 140. Suppose 21*a + w = 4*g + 18*a, g + 5*a = -20. Let b(z) = 4*z - 4*z + z. Calculate b(g).
5
Let a = -10492 + 10494. Let k(j) be the second derivative of 22*j - 7/2*j**a + 0 + 1/3*j**3. What is k(7)?
7
Let t = 60 - 53. Suppose 3 = t*b - 4. Let y(u) be the third derivative of u**6/24 + u**3/6 - 29*u**2. Determine y(b).
6
Suppose -3*p - 5*d + 18 = 21, 0 = 5*p + d + 49. Let c(o) = 2*o**2 + 27*o + 58. Calculate c(p).
3
Let u(c) be the third derivative of -5*c**4/24 + 7*c**3/6 + 2*c**2 + 31*c + 5. Determine u(3).
-8
Let o(s) = -437*s**2 - 8*s + 18. Let n(x) = 73*x**2 - 2. Let u(h) = 6*n(h) + o(h). Let q(y) = -2*y + 2. Let d be q(-2). Give u(d).
-6
Suppose 2 = -2*b + 4. Let p(y) be the third derivative of 121*y**2 + 0 + 0*y**3 + 0*y - 5/12*y**4. Calculate p(b).
-10
Let u = -34 - -50. Suppose -6*f + u = -4*f. Let j(m) be the third derivative of -m**6/120 + 2*m**5/15 - m**4/12 + 5*m**3/3 - 1736*m**2. What is j(f)?
-6
Let t(a) be the first derivative of 31*a + 15 + 1/3*a**3 + 0*a**2. What is t(0)?
31
Let k(j) = -j - 7. Suppose 0 = -8*m + 50 - 10. Suppose -m*a = -2*z - 24, 5*a + 3*z + z - 12 = 0. Suppose -a*p = -d + p + 12, -2*p = -d. Calculate k(d).
1
Let w(s) = -2 - s**3 + 3*s**2 + 29*s + 1 - 54*s + 22*s. Suppose -b = 3*y - 5, -y - 3*b - 9 = -0. Suppose y*z - 4*d = 1, -4*z = -9*z + 2*d + 11. Determine w(z).
-10
Let t(b) = b**3 - 2*b**2 + 2*b. Let n(u) = 3*u**3 - 6*u + 24. Let a(o) = -n(o) + 2*t(o). Let p be a(-6). Let z(s) = s + 4. What is z(p)?
-8
Let u(p) be the first derivative of 225 + 1/2*p**2 + p. Let s be (6/2)/((-18)/24). Determine u(s).
-3
Let u(t) be the second derivative of t**3 + 19*t**2 - 1242*t. Calculate u(-6).
2
Let d(g) = 3*g**2 - 39*g + 123. Let t be d(6). Let b(r) = -6*r - 25. What is b(t)?
-7
Let a(p) = p - 1. Suppose -2*v + 48 = -2*b, -5*b = -4*v - 60 + 183. Let r = b - -36. Suppose r = 4*l - 15. Give a(l).
5
Let i(r) = 9*r + 20. Let m be i(-1). Let k(v) be the third derivative of -1/30*v**5 - 1/6*v**3 + m*v**2 + 0*v - 1/12*v**4 + 0. Give k(-1).
-1
Suppose 4*w - 4826 = 2*n, 3 + 6 = -3*n. Suppose -251 + w = 9*m. Let s(h) = 107*h**2 - 2 - m*h**2 - 2*h + 5*h. Calculate s(-4).
2
Let x(b) = b**2 - 9*b. Let d(c) = 6*c**2 - 12*c + 5. Let y(t) = 7*t**2 - 13*t + 6. Let g(q) = 6*d(q) - 5*y(q). Let k(v) = 5*g(v) - 4*x(v). Calculate k(0).
0
Suppose 76 = 11*v - 12. Suppose -v*u = -7*u. Let t(c) = u + 4*c - 16 + 10 + 7*c**2 + c**3. Determine t(-6).
6
Let k(a) = 2*a**3 + 54*a**2 - 54*a + 37. Let t(x) = -x**3 - 26*x**2 + 26*x - 17. Let i(v) = 2*k(v) + 5*t(v). Give i(-23).
12
Let t(x) = -3*x + 41. Suppose 18*l = 86*l - 460 - 16. Give t(l).
20
Suppose -111*t + 70 = -104*t. Suppose t = 5*n + 5*d, 3*d = 6*n - 5*n + 6. Let x(p) = -p + 7. What is x(n)?
7
Let f = 222 - 218. Let k be (31 + -3)*f/(-8). Let w(v) = v + 12. What is w(k)?
-2
Suppose i - 5*t = -48 + 3, t = -5*i - 121. Let s = 62 + i. Let y = -36 + s. Let m(q) = 13*q**2 - q. Give m(y).
12
Suppose 71052*a = 71248*a - 784. Let z(v) = -v - 1 - 6*v + 3*v + v**2. Calculate z(a).
-1
Let h(f) = 2*f - 6. Let l(i) = -6*i - 17 - 17*i + 4*i - 40 + 3*i. Let t be l(-4). Calculate h(t).
8
Let j = 6522 - 6526. Let h(g) = 2*g**3 - 8*g - 13. Give h(j).
-109
Let q(h) = 12*h**2 + 2*h. Let a be q(1). Let g be ((4 - 6) + 0)/((-4)/a). Let s(v) = 9 + 0*v**3 - 5*v + 2*v + v + 7*v**2 - v**3. Give s(g).
-5
Let j be (22/(-44))/(1 - 49/56). Let c(s) be the first derivative of s**3/3 - 8*s + 11. Calculate c(j).
8
Let t = -1192 - -1190. Let d(p) = 2*p**3 + 2*p**2 - 3*p - 4. Calculate d(t).
-6
Let g(n) be the first derivative of n**4/4 - 2*n**3 - 5*n**2 + 6*n + 2715. Determine g(7).
-15
Let t(g) = g**3 + 12*g**2 + 7*g - 13. Let n be t(-11). Let p = n - 30. Let y(k) = 3*k**2 + k - 1. Give y(p).
3
Let t(g) be the third derivative of 3/8*g**4 + 2*g**2 - 1/6*g**3 + 0*g + 0. Let x = -6 + 7. Give t(x).
8
Let x(h) = -5*h - 160. Let p = 8371 - 8402. Determine x(p).
-5
Let w(a) = -77 + 916*a + 909*a - 2763*a + 901*a. Calculate w(-2).
-3
Let i(z) be the first derivati